0
In base 2, what is -10 + -10000010101000011111111011?
-10000010101000011111111101
In base 6, what is -1304555 - 3002?
-1312001
In base 3, what is -12101222221202 - 22101?
-12102000021010
In base 5, what is -1223121004210 - 0?
-1223121004210
In base 2, what is 100101110000011011010 - -111110?
100101110000100011000
In base 2, what is 100010 - -1000111100001101100?
1000111100010001110
In base 15, what is 2 - -1373674?
1373676
In base 8, what is 642 + 1675344?
1676206
In base 13, what is -b0b2604 - -2?
-b0b2602
In base 15, what is -5 - -57ec0b?
57ec06
In base 14, what is -11c9320 - -3?
-11c931b
In base 13, what is 634b + -8?
6343
In base 13, what is -b4b483 + -1?
-b4b484
In base 12, what is 589a4904 + -1?
589a4903
In base 7, what is 10344 + -2264?
5050
In base 11, what is 24 - 174125?
-174101
In base 16, what is -43db + 37?
-43a4
In base 3, what is -111011220122 + 12222021?
-110221221101
In base 10, what is -5 - -6478961?
6478956
In base 9, what is 0 - -144458204?
144458204
In base 13, what is 6 - b01c76?
-b01c70
In base 7, what is -1164 + 5202?
4005
In base 11, what is -5417 + -89a?
-6206
In base 5, what is -133142 + -213414?
-402111
In base 10, what is -17 - 15668942?
-15668959
In base 13, what is -3 - -1959a580?
1959a57a
In base 10, what is -4287832 + 3?
-4287829
In base 10, what is -37938256 - 1?
-37938257
In base 6, what is 3 + 25410020314?
25410020321
In base 8, what is -66205 + 246?
-65737
In base 10, what is 23363 + 8394?
31757
In base 2, what is -1001 - 1100111001101101000100001?
-1100111001101101000101010
In base 5, what is 2 + 342430114?
342430121
In base 8, what is -110604 - -43?
-110541
In base 16, what is 8a3 - -142?
9e5
In base 7, what is -14001523 - -14?
-14001506
In base 15, what is -184 + -9c27?
-9dab
In base 7, what is 21460551 - 10?
21460541
In base 6, what is 13 - -10452314?
10452331
In base 16, what is -2d5 + -98bf?
-9b94
In base 6, what is -24 - 1225405204?
-1225405232
In base 5, what is 1 - 112021323220?
-112021323214
In base 12, what is 1349a - 3892?
b808
In base 11, what is -125 + -35432?
-35557
In base 3, what is 12002 + -211022002120?
-211021220111
In base 12, what is 2414 - -1a5a8?
20a00
In base 9, what is 135746720 - -1?
135746721
In base 2, what is 101011 + 1000101001011000100?
1000101001011101111
In base 6, what is 21 + -20130530?
-20130505
In base 3, what is -110011 - -11011101?
10201020
In base 13, what is 5 + -1c6b367?
-1c6b362
In base 8, what is 25724625 + -1?
25724624
In base 8, what is -21460 - 64670?
-106350
In base 2, what is -100001 - -1110111001000000?
1110111000011111
In base 2, what is 111 - -10110100011001010111001?
10110100011001011000000
In base 13, what is 1 + 1a02bbc6?
1a02bbc7
In base 5, what is 44023132 - 102?
44023030
In base 16, what is -305 + -9760f?
-97914
In base 11, what is 1271 + 966?
2127
In base 10, what is 3216 - 6865?
-3649
In base 11, what is 8 - 1aa7446?
-1aa7439
In base 9, what is 202 + 21343?
21545
In base 8, what is 0 + 1451173117?
1451173117
In base 3, what is 1200212110000112 - 210?
1200212102222202
In base 15, what is -35dd + -175?
-3763
In base 3, what is 1 - -111200121211110212?
111200121211110220
In base 14, what is -cbdb92 - 4d?
-cbdc01
In base 9, what is 415881256 + 0?
415881256
In base 15, what is -27440 - -23b?
-27204
In base 5, what is 3 + 4323234221?
4323234224
In base 10, what is 23 + -35413512?
-35413489
In base 16, what is -5 + b65b5df?
b65b5da
In base 16, what is -63b4 - -33ae?
-3006
In base 2, what is -110001 + 1001110100111110?
1001110100001101
In base 10, what is 693 + 383656?
384349
In base 4, what is 12322323 - -12112?
13001101
In base 6, what is 100043550 + -2?
100043544
In base 9, what is 0 + -112268773?
-112268773
In base 13, what is 16 - -61768a?
6176a3
In base 4, what is 0 - -1301321312?
1301321312
In base 16, what is 403f9a2 + -d?
403f995
In base 15, what is -13a89 + -4a9?
-14043
In base 13, what is 30a + 23b27?
24134
In base 6, what is -3453101 + -13203?
-3510304
In base 13, what is -aa77 + c6a?
-9b0a
In base 12, what is 615a477 - -26?
615a4a1
In base 7, what is 16050116 - -3?
16050122
In base 10, what is 5 + -1990791?
-1990786
In base 12, what is -21316 - 44?
-2135a
In base 13, what is 6 + 580446?
58044c
In base 6, what is -13034 - 1022143?
-1035221
In base 11, what is -25002 + -8a?
-25091
In base 5, what is -2000 + 3314402?
3312402
In base 4, what is -2 - -1122103221?
1122103213
In base 3, what is -110121021202 - 2020120?
-110200112022
In base 13, what is -91b9b92 - -3?
-91b9b8c
In base 13, what is 410 - -627c7?
62c07
In base 12, what is -3047 + 19?
-302a
In base 12, what is -2354961 + 54?
-2354909
In base 3, what is 2010012 - 10012021?
-1002002
In base 15, what is -1033 - 10445?
-11478
In base 15, what is 1e8a - -1c8?
2163
In base 8, what is 500 - -40452?
41152
In base 13, what is -199 - ccc85?
-100151
In base 8, what is -224163 + -640?
-225023
In base 3, what is -11 + -2120100210101?
-2120100210112
In base 14, what is 464 - cbd1c?
-cb898
In base 16, what is a1 + 4d68?
4e09
In base 10, what is -321 + 687305?
686984
In base 2, what is 11 - 111111101101000010101010?
-111111101101000010100111
In base 9, what is -15468040 + -3?
-15468043
In base 14, what is -20b77 - ad?
-20c46
In base 11, what is 278800295 + -4?
278800291
In base 4, what is -310231 + -132020?
-1102311
In base 7, what is -1003 + -12413215?
-12414221
In base 3, what is 10200212211 + 120021?
10201110002
In base 13, what is 2 + -1b21b22?
-1b21b20
In base 15, what is -a7 - -107e5?
1073d
In base 15, what is 5292a - 1?
52929
In base 13, what is -2092b + -1?
-2092c
In base 13, what is -42059 - 4a?
-420a6
In base 15, what is 3d - -105687b?
10568b9
In base 7, what is 144 - -2424425?
2424602
In base 12, what is 337 + 2b99?
3314
In base 6, what is -4123051402 - 3?
-4123051405
In base 12, what is 22 - -11133788?
111337aa
In base 8, what is 102252 + -1776?
100254
In base 16, what is 5 + 7a3ce0?
7a3ce5
In base 2, what is -110011011 - 1110111010100001110?
-1110111011010101001
In base 8, what is -101161 + -12047?
-113230
In base 12, what is 746 - -586aa?
59234
In base 14, what is 8b78563 + -5?
8b7855c
In base 2, what is -100101000111111 - 10010110100111?
-110111111100110
In base 3, what is -1012000010 - -11011000?
-1000212010
In base 8, what is 174 - 2544402?
-2544206
In base 15, what is 13 - 23e2d1?
-23e2bd
In base 14, what is -5b62a447 - 4?
-5b62a44b
In base 13, what is -20 - 286?
-2a6
In base 2, what is 100100100001110 + 100100?
100100100110010
In base 12, what is -236 - 12819?
-12a53
In base 16, what is c0ab16 - 3?
c0ab13
In base 10, what is -66261 - 8718?
-74979
In base 15, what is c69 + -102e?
-2b5
In base 13, what is -4b88979 - 1?
-4b8897a
In base 9, what is -3 - -10408873?
10408870
In base 8, what is 13300447 + 30?
13300477
In base 6, what is -2035 - 53213?
-55252
In base 12, what is -61 + -9b576?
-9b617
In base 13, what is -89aa - a4?
-8a81
In base 12, what is 4a0 + -3891?
-33b1
In base 10, what is 442 + 1153945?
1154387
In base 16, what is -9 + 6bb69?
6bb60
In base 3, what is -21102 + -1000002201?
-1000101010
In base 10, what is 626342 - -50?
626392
In base 3, what is -2002 + -10101200101202?
-10101200110211
In base 8, what is 1207 + -53764?
-52555
In base 16, what is 5 - -5261964?
5261969
In base 15, what is -d + 23eee?
23ee1
In base 14, what is -3 - -3b90b13?
3b90b10
In base 8, what is 3572475 - -7?
3572504
In base 12, what is 217b - 800?
157b
In base 5, what is -13021443 + -1133?
-13023131
In base 9, what is 43121 - 2515?
40505
In base 12, what is -5b - -205b62?
205b03
In base 13, what is -1220 - 3577?
-4797
In base 8, what is -27532 - 75362?
-125114
In base 5, what is -2311134 + -20?
-2311204
In base 15, what is 1032c - 1c?
10310
In base 14, what is 213571d - -29?
2135748
In base 9, what is 275828 - 2?
275826
In base 2, what is 11001 + -10110111011101011101?
-10110111011101000100
In base 4, what is 12103 - 10113133?
-10101030
In base 4, what is 1013022322031 + -3?
1013022322022
In base 4, what is 10 + -30212233103?
-30212233033
In base 3, what is 1002101120 + -200021?
1001201022
In base 8, what is 37237 + -1756?
35261
In base 15, what is -3ca64b9 - 0?
-3ca64b9
In base 3, what is 10 + -1100120120101101?
-1100120120101021
In base 15, what is -2 - 2635a1?
-2635a3
In base 4, what is -1013